







{"id":1360,"date":"2020-02-20T21:46:23","date_gmt":"2020-02-20T21:46:23","guid":{"rendered":"https:\/\/movingdowntown.ca\/fr\/?page_id=1360"},"modified":"2026-01-06T17:07:39","modified_gmt":"2026-01-06T17:07:39","slug":"video-photo","status":"publish","type":"page","link":"https:\/\/movingdowntown.ca\/new\/fr\/video-photo\/","title":{"rendered":"Vid\u00e9o &#8211; Photo"},"content":{"rendered":"\n<h2 class=\"wp-block-heading has-text-align-center has-background\" id=\"service-de-demenagement-centre-ville\" style=\"background-color:#eff2f4\">Service de D\u00e9m\u00e9nagement Centre-Ville<\/h2>\n\n\n\n<figure class=\"wp-block-embed is-type-video is-provider-youtube wp-block-embed-youtube wp-embed-aspect-16-9 wp-has-aspect-ratio\"><div class=\"wp-block-embed__wrapper\">\n<iframe title=\"Demenagement Centre-Ville\" width=\"500\" height=\"281\" src=\"https:\/\/www.youtube.com\/embed\/TECupzfmXmU?feature=oembed\" frameborder=\"0\" allow=\"accelerometer; autoplay; clipboard-write; encrypted-media; gyroscope; picture-in-picture; web-share\" referrerpolicy=\"strict-origin-when-cross-origin\" allowfullscreen><\/iframe>\n<\/div><\/figure>\n\n\n\n<p class=\"has-black-color has-text-color has-medium-font-size\">D\u00e9m\u00e9nagement Centre-Ville est votre choix id\u00e9al pour un d\u00e9m\u00e9nagement <a href=\"https:\/\/movingdowntown.ca\/new\/service\/demenagement-val-dor\/\">d\u00e9m\u00e9nagement val-d&#8217;or<\/a> r\u00e9sidentiel, commercial, local ou interurbain. N&#8217;h\u00e9sitez pas \u00e0 nous contacter pour un service de <a href=\"https:\/\/movingdowntown.ca\/new\/taxi-vers-ou-de-laeroport-de-montreal\/\">taxi vers ou de l&#8217;a\u00e9roport de Montr\u00e9al<\/a> professionnel et amical!<\/p>\n\n\n\n<h2 class=\"wp-block-heading has-text-align-center has-background\" id=\"service-de-demenagement-longue-distance-a-travers-canada\" style=\"background-color:#eff2f4\"><strong><a href=\"https:\/\/movingdowntown.ca\/new\/service\/longue-distance\/\" target=\"_blank\" rel=\"noreferrer noopener\">Service de d\u00e9m\u00e9nagement Longue Distance<\/a> \u00e0 Travers Canada<\/strong><\/h2>\n\n\n\n<figure class=\"wp-block-embed is-type-video is-provider-youtube wp-block-embed-youtube wp-embed-aspect-16-9 wp-has-aspect-ratio\"><div class=\"wp-block-embed__wrapper\">\n<iframe title=\"Long Distance Moving Service Across Canada with Moving Downtown\" width=\"500\" height=\"281\" src=\"https:\/\/www.youtube.com\/embed\/4oUfOhNfvvI?feature=oembed\" frameborder=\"0\" allow=\"accelerometer; autoplay; clipboard-write; encrypted-media; gyroscope; picture-in-picture; web-share\" referrerpolicy=\"strict-origin-when-cross-origin\" allowfullscreen><\/iframe>\n<\/div><\/figure>\n\n\n\n<p><a href=\"https:\/\/movingdowntown.ca\/new\/service\/demenagement-val-dor\/\">d\u00e9m\u00e9nagement Val d&#8217;Or-Montr\u00e9al<\/a><span contenteditable=\"false\" style=\"pointer-events:none;user-select:none;-webkit-user-select:none;-moz-user-select:none;-ms-user-select:none;\"><\/span>, <a href=\"https:\/\/movingdowntown.ca\/new\/transport-vers-et-de-laeroport-de-montreal\/\">Transport vers et de l&#8217;a\u00e9roport de Montr\u00e9al<\/a><\/p>\n","protected":false},"excerpt":{"rendered":"<p>Service de D\u00e9m\u00e9nagement Centre-Ville D\u00e9m\u00e9nagement Centre-Ville est votre choix id\u00e9al pour un d\u00e9m\u00e9nagement d\u00e9m\u00e9nagement val-d&#8217;or r\u00e9sidentiel, commercial, local ou interurbain. N&#8217;h\u00e9sitez pas \u00e0 nous contacter pour un service de taxi vers ou de l&#8217;a\u00e9roport de Montr\u00e9al professionnel et amical! Service de d\u00e9m\u00e9nagement Longue Distance \u00e0 Travers Canada d\u00e9m\u00e9nagement Val d&#8217;Or-Montr\u00e9al, Transport vers et de l&#8217;a\u00e9roport [&hellip;]<\/p>\n","protected":false},"author":5,"featured_media":27683,"parent":22460,"menu_order":0,"comment_status":"closed","ping_status":"closed","template":"","meta":{"site-sidebar-layout":"default","site-content-layout":"","ast-site-content-layout":"default","site-content-style":"default","site-sidebar-style":"default","ast-global-header-display":"","ast-banner-title-visibility":"","ast-main-header-display":"","ast-hfb-above-header-display":"","ast-hfb-below-header-display":"","ast-hfb-mobile-header-display":"","site-post-title":"","ast-breadcrumbs-content":"","ast-featured-img":"","footer-sml-layout":"","ast-disable-related-posts":"","theme-transparent-header-meta":"","adv-header-id-meta":"","stick-header-meta":"","header-above-stick-meta":"","header-main-stick-meta":"","header-below-stick-meta":"","astra-migrate-meta-layouts":"default","ast-page-background-enabled":"default","ast-page-background-meta":{"desktop":{"background-color":"","background-image":"","background-repeat":"repeat","background-position":"center center","background-size":"auto","background-attachment":"scroll","background-type":"","background-media":"","overlay-type":"","overlay-color":"","overlay-opacity":"","overlay-gradient":""},"tablet":{"background-color":"","background-image":"","background-repeat":"repeat","background-position":"center center","background-size":"auto","background-attachment":"scroll","background-type":"","background-media":"","overlay-type":"","overlay-color":"","overlay-opacity":"","overlay-gradient":""},"mobile":{"background-color":"","background-image":"","background-repeat":"repeat","background-position":"center center","background-size":"auto","background-attachment":"scroll","background-type":"","background-media":"","overlay-type":"","overlay-color":"","overlay-opacity":"","overlay-gradient":""}},"ast-content-background-meta":{"desktop":{"background-color":"var(--ast-global-color-5)","background-image":"","background-repeat":"repeat","background-position":"center center","background-size":"auto","background-attachment":"scroll","background-type":"","background-media":"","overlay-type":"","overlay-color":"","overlay-opacity":"","overlay-gradient":""},"tablet":{"background-color":"var(--ast-global-color-5)","background-image":"","background-repeat":"repeat","background-position":"center center","background-size":"auto","background-attachment":"scroll","background-type":"","background-media":"","overlay-type":"","overlay-color":"","overlay-opacity":"","overlay-gradient":""},"mobile":{"background-color":"var(--ast-global-color-5)","background-image":"","background-repeat":"repeat","background-position":"center center","background-size":"auto","background-attachment":"scroll","background-type":"","background-media":"","overlay-type":"","overlay-color":"","overlay-opacity":"","overlay-gradient":""}},"footnotes":""},"class_list":["post-1360","page","type-page","status-publish","has-post-thumbnail","hentry"],"_links":{"self":[{"href":"https:\/\/movingdowntown.ca\/new\/wp-json\/wp\/v2\/pages\/1360","targetHints":{"allow":["GET"]}}],"collection":[{"href":"https:\/\/movingdowntown.ca\/new\/wp-json\/wp\/v2\/pages"}],"about":[{"href":"https:\/\/movingdowntown.ca\/new\/wp-json\/wp\/v2\/types\/page"}],"author":[{"embeddable":true,"href":"https:\/\/movingdowntown.ca\/new\/wp-json\/wp\/v2\/users\/5"}],"replies":[{"embeddable":true,"href":"https:\/\/movingdowntown.ca\/new\/wp-json\/wp\/v2\/comments?post=1360"}],"version-history":[{"count":1,"href":"https:\/\/movingdowntown.ca\/new\/wp-json\/wp\/v2\/pages\/1360\/revisions"}],"predecessor-version":[{"id":29731,"href":"https:\/\/movingdowntown.ca\/new\/wp-json\/wp\/v2\/pages\/1360\/revisions\/29731"}],"up":[{"embeddable":true,"href":"https:\/\/movingdowntown.ca\/new\/wp-json\/wp\/v2\/pages\/22460"}],"wp:featuredmedia":[{"embeddable":true,"href":"https:\/\/movingdowntown.ca\/new\/wp-json\/wp\/v2\/media\/27683"}],"wp:attachment":[{"href":"https:\/\/movingdowntown.ca\/new\/wp-json\/wp\/v2\/media?parent=1360"}],"curies":[{"name":"wp","href":"https:\/\/api.w.org\/{rel}","templated":true}]}}