







{"id":926,"date":"2020-01-11T18:39:23","date_gmt":"2020-01-11T18:39:23","guid":{"rendered":"https:\/\/movingdowntown.ca\/fr\/?page_id=926"},"modified":"2026-01-06T17:07:37","modified_gmt":"2026-01-06T17:07:37","slug":"demenagement-etudiant","status":"publish","type":"page","link":"https:\/\/movingdowntown.ca\/new\/fr\/demenagement-etudiant\/","title":{"rendered":"D\u00e9m\u00e9nagement \u00c9tudiants Montr\u00e9al"},"content":{"rendered":"\t\t<div data-elementor-type=\"wp-page\" data-elementor-id=\"926\" class=\"elementor elementor-926\" data-elementor-post-type=\"page\">\n\t\t\t\t\t\t<section class=\"elementor-section elementor-top-section elementor-element elementor-element-561920d elementor-section-boxed elementor-section-height-default elementor-section-height-default\" data-id=\"561920d\" data-element_type=\"section\">\n\t\t\t\t\t\t<div class=\"elementor-container elementor-column-gap-default\">\n\t\t\t\t\t<div class=\"elementor-column elementor-col-50 elementor-top-column elementor-element elementor-element-365d02e\" data-id=\"365d02e\" data-element_type=\"column\" data-settings=\"{&quot;background_background&quot;:&quot;classic&quot;}\">\n\t\t\t<div class=\"elementor-widget-wrap elementor-element-populated\">\n\t\t\t\t\t\t<div class=\"elementor-element elementor-element-0847c3c elementor-drop-cap-yes elementor-drop-cap-view-default elementor-widget elementor-widget-text-editor\" data-id=\"0847c3c\" data-element_type=\"widget\" data-settings=\"{&quot;drop_cap&quot;:&quot;yes&quot;}\" data-widget_type=\"text-editor.default\">\n\t\t\t\t\t\t\t\t\t<h1 style=\"text-align: center;\">D\u00e9m\u00e9nagement \u00c9tudiant Montr\u00e9al<\/h1><h2>D\u00e9m\u00e9nagement \u00c9tudiants pas cher<\/h2><p>Vous <strong>\u00eates un \u00e9tudiant qui commence ou fini l&#8217;ann\u00e9e scolaire, coll\u00e9giale ou bien universitaire ? Avez-vous besoin de d\u00e9m\u00e9nager dans une autre ville, car vous commencez un cours ou bien pour faire un stage d&#8217;\u00e9tudes dans une r\u00e9gion ou localit\u00e9 \u00e9loign\u00e9e de Montr\u00e9al ?<\/strong><\/p><p><a href=\"https:\/\/movingdowntown.ca\/fr\/\">La compagnie de d\u00e9m\u00e9nagement Downtown<\/a> peut vous aider \u00e0 d\u00e9m\u00e9nager pas cher vos effets personnels en toute s\u00e9curit\u00e9. Nous sommes des amis avec les \u00e9tudiants, car tous on a pass\u00e9 par la vie d&#8217;\u00e9tude qui n&#8217;est pas facile.<\/p><p><strong>La vie d\u2019\u00e9tudiant \u00e0 Montr\u00e9al et partout au monde<\/strong> suivant demande de changement impr\u00e9vues et urgents. Dans cette situation de la jeunesse avec un budget limit\u00e9, trouver de l\u2019aide pour d\u00e9m\u00e9nager<span lang=\"fr\"><span title=\"\"> parfois<\/span><\/span> est compliqu\u00e9, mais vous pouvez toujours contacter notre entreprise de d\u00e9m\u00e9nagement Downtown \u00e0 Montr\u00e9al.<\/p><p>Nous offrons un prix d\u2019\u00e9tudiant sp\u00e9ciale et un <b>rabais d\u2019\u00e9tudiant de 10%<\/b>.<\/p><p><a href=\"https:\/\/movingdowntown.ca\/fr\/local\/\"><img fetchpriority=\"high\" decoding=\"async\" class=\"alignleft\" src=\"https:\/\/movingdowntown.ca\/wp-content\/uploads\/2019\/04\/moving-camions.jpg\" alt=\"D\u00e9m\u00e9nagement \u00e9tudiants Montr\u00e9al\" width=\"342\" height=\"176\" \/><\/a><\/p><p>Que \u00e7a soit un <b>d\u00e9m\u00e9nagement local ou un d\u00e9m\u00e9nagement de longue distance,<\/b> d\u00e9m\u00e9nagement \u00e9tudiants de ou vers Montr\u00e9al, Ottawa, Qu\u00e9bec, Toronto, Gatineau\u2026, avec notre service de d\u00e9m\u00e9nagement \u00e9tudiant, vous payez moins pour les d\u00e9m\u00e9nageurs et \u00e9conomisez de l&#8217;argent.<\/p><p><a href=\"https:\/\/movingdowntown.ca\/fr\/assemblage-de-meuble\/\"><img decoding=\"async\" class=\"alignright wp-image-139 size-full\" src=\"https:\/\/movingdowntown.ca\/fr\/wp-content\/uploads\/2019\/11\/furniture.jpg\" alt=\"assemblage de meuble \u00e9tudiant montreal\" width=\"260\" height=\"150\" \/><\/a><\/p><p><b>Si vous \u00eates \u00e9tudiant ou parents d&#8217;\u00e9tudiants<\/b> qui cherchent des compagnies de d\u00e9m\u00e9nagements fiables, alors vous aviez trouv\u00e9 votre meilleure solution. Nos d\u00e9m\u00e9nageurs et nos techniciens exp\u00e9riment\u00e9s dans l&#8217;industrie de d\u00e9m\u00e9nagement peuvent non seulement d\u00e9m\u00e9nager de meubles, lits, mais aussi d&#8217;assembler, monter, d\u00e9monter.<\/p><p>Alors, en sp\u00e9ciaux pour <b>les filles \u00e9tudiantes<\/b>, d\u00e9m\u00e9nager avec nous c&#8217;est tr\u00e8s rentable, car dans le m\u00eame temps vous profites de plusieurs services dans le m\u00eame prix d\u00e9m\u00e9nagement \u00e9tudiant ;<\/p><p>Nos d\u00e9m\u00e9nageurs peuvent d\u00e9placer, charger d\u00e9charger le camion, assembler les meubles, placer des rideaux sur le mur et<span lang=\"fr\"><span title=\"\"> beaucoup plus<\/span><\/span> des choses\u2026 tout cela \u00e0 un prix moins cher sur le march\u00e9.<\/p><blockquote><p><strong>N&#8217;h\u00e9sitez pas nous contacter<\/strong> au 438-931-9272 ou compl\u00e9tez notre formulaire d&#8217;estimation en ligne. Nous garantirons un service de d\u00e9m\u00e9nagement \u00e9tudiant amical et agr\u00e9able, car nous sommes des amis.<\/p><\/blockquote>\t\t\t\t\t\t\t\t<\/div>\n\t\t\t\t\t<\/div>\n\t\t<\/div>\n\t\t\t\t<div class=\"elementor-column elementor-col-50 elementor-top-column elementor-element elementor-element-111d230\" data-id=\"111d230\" data-element_type=\"column\" data-settings=\"{&quot;background_background&quot;:&quot;classic&quot;}\">\n\t\t\t<div class=\"elementor-widget-wrap elementor-element-populated\">\n\t\t\t\t\t\t<div class=\"elementor-element elementor-element-ec20eab elementor-widget elementor-widget-html\" data-id=\"ec20eab\" data-element_type=\"widget\" data-widget_type=\"html.default\">\n\t\t\t\t\t<form  id=\"contact\" action=\"\/fr\/wp-content\/themes\/glob\/mail.php\" method=\"post\">\n<h3>Devis Rapide 24H<\/h3>\n\t<a><label for=\"name\">Date<\/label><br><input type=\"date\" name=\"name\" id=\"name\" placeholder=\"jj\/mm\/aaaa\" required=\"\">\n\t\n\t<p><label for=\"url\">Type de D\u00e9m\u00e9nagement<\/label><br>\n\t<select name=\"type\"  id=\"url\" required=\"\"><option value=\"\" disabled=\"\" selected=\"\">Choisir option<\/option><option value=\"Residential Moving\">D\u00e9m\u00e9nagement r\u00e9sidentiel<\/option><option value=\"Commercial Moving\">D\u00e9m\u00e9nagement commercial<\/option><option value=\"Industrial Moving\">D\u00e9m\u00e9nagement industriel<\/option><option value=\"Piano Moving\">D\u00e9m\u00e9nagement Piano<\/option><option value=\"Billiard Moving\">D\u00e9m\u00e9nagement Billiard <\/option><option value=\"Delivery\">Livraison<\/option><option value=\"Storage\">Entreposage<\/option><option value=\"Furniture Assembly\">Assemblage de meubles<\/option><option value=\"Kitchen Assembly\">Assemblage de cuisine<\/option><\/select><\/p>\n\n<div><label for=\"author\">Adresse et Code Postal<\/label><br><input type=\"text\" name=\"departure\" id=\"departure\" placeholder=\"Adresse de d\u00e9part\" required=\"\"><\/div>\n\n<div>\n<input type=\"radio\" class=\"name1\" value=\"Apartment\" id=\"type\" name=\"name1\">\n<label class=\"vfb-choice\" for=\"0\">Appartement<\/label\n\t>\n<input type=\"radio\" class=\"name1 \" value=\"House\" id=\"type1\" name=\"name1\">\n<label class=\"vfb-choice\" for=\"2\">Maison<\/label>\n<input type=\"radio\" class=\"name1 \" value=\"Office\" id=\"type2\" name=\"name1\">\n<label class=\"vfb-choice\" for=\"3\">Bureau<\/label>\n<div style=\"clear:both\">\n<\/div>\n<\/div>\n<p><a><select name=\"size\"  id=\"size\" required=\"\"><option value=\"\" disabled=\"\" selected=\"\">Grandeur<\/option><option value=\"1-1\/2\">1-1\/2<\/option><option value=\"2-1\/2\">2-1\/2<\/option><option value=\"3-1\/2\">3-1\/2<\/option><option value=\"4-1\/2\">4-1\/2<\/option><option value=\"5-1\/2\">5-1\/2<\/option><option value=\"6-1\/2\">6-1\/2<\/option><option value=\"7-1\/2\">7-1\/2<\/option><option value=\"8-1\/2\">8-1\/2<\/option><\/select><\/a>\n\t<a><select name=\"sub1\"  id=\"sub1\" required=\"\"><option value=\"\" disabled=\"\" selected=\"\">\u00c9tage<\/option><option value=\"Basement\">Sous-sol<\/option><option value=\"Ground\">Rez de chauss\u00e9e<\/option><option value=\"Second\">Premi\u00e8re<\/option><option value=\"Second\">Deuxi\u00e8me<\/option><option value=\"Third\">Troisi\u00e8me<\/option><option value=\"Fourth\">Quatri\u00e8me<\/option><option value=\"Elevator\">Ascenseur<\/option><\/select><\/a><\/p>\n\n<div><a><label for=\"arrival\">Adresse et Code Postal<\/label><br><input type=\"text\" name=\"arrival\" id=\"arrival\" placeholder=\"Adresse d'arriv\u00e9e\" required=\"\"><\/a><\/div>\n\n<div><select name=\"sub\" id=\"sub\" required=\"\"><option value=\"\" disabled=\"\" selected=\"\">Choisir \u00e9tage<\/option><option value=\"Basement\">Sous-sol<\/option><option value=\"Ground\">Rez de chauss\u00e9e<\/option><option value=\"Second\">Premi\u00e8re<\/option><option value=\"Second\">Deuxi\u00e8me<\/option><option value=\"Third\">Troisi\u00e8me<\/option><option value=\"Fourth\">Quatri\u00e8me<\/option><option value=\"Elevator\">Ascenseur<\/option><\/select>\n<\/div>\n\n<div><input type=\"email\" name=\"email\"  id=\"email\" placeholder=\"E-@mail.com\" required=\"\"><\/div>\n\t<div> <input type=\"text\" name=\"tel\" id=\"tel\" placeholder=\"Num\u00e9ro de t\u00e9l\u00e9phone\" required=\"\"><\/div>\n\t<div><textarea name=\"message\" cols=\"20\" rows=\"3\"  id=\"comment\" placeholder=\"Message\" required=\"\"><\/textarea><\/div><\/a>\n\n<div class=\"w0\"><textarea id=\"message1\" class=\"w100 border\" name=\"message1\" rows=\"5\"><\/textarea>\n<input id=\"check\" name=\"check\" type=\"text\" value=\"\" \/><\/div>\n<input id=\"submit\" type=\"submit\" value=\"Envoyer\" onclick=\"document.getElementById('check').value = 'stopSpam';\" \/>\n<div id=\"note\"><\/div>\n<div id=\"fields\"><\/div>\n<\/form>\n\n\t\t\t\t<\/div>\n\t\t\t\t<div class=\"elementor-element elementor-element-c7424f8 elementor-shape-circle elementor-grid-0 e-grid-align-center elementor-widget elementor-widget-social-icons\" data-id=\"c7424f8\" data-element_type=\"widget\" data-widget_type=\"social-icons.default\">\n\t\t\t\t\t\t\t<div class=\"elementor-social-icons-wrapper elementor-grid\" role=\"list\">\n\t\t\t\t\t\t\t<span class=\"elementor-grid-item\" role=\"listitem\">\n\t\t\t\t\t<a class=\"elementor-icon elementor-social-icon elementor-social-icon-facebook elementor-repeater-item-c562344\" href=\"https:\/\/www.facebook.com\/movingdowntown.ca\" target=\"_blank\">\n\t\t\t\t\t\t<span class=\"elementor-screen-only\">Facebook<\/span>\n\t\t\t\t\t\t<i aria-hidden=\"true\" class=\"fab fa-facebook\"><\/i>\t\t\t\t\t<\/a>\n\t\t\t\t<\/span>\n\t\t\t\t\t\t\t<span class=\"elementor-grid-item\" role=\"listitem\">\n\t\t\t\t\t<a class=\"elementor-icon elementor-social-icon elementor-social-icon-twitter elementor-repeater-item-4748872\" href=\"https:\/\/twitter.com\/downtown_moving\" target=\"_blank\">\n\t\t\t\t\t\t<span class=\"elementor-screen-only\">Twitter<\/span>\n\t\t\t\t\t\t<i aria-hidden=\"true\" class=\"fab fa-twitter\"><\/i>\t\t\t\t\t<\/a>\n\t\t\t\t<\/span>\n\t\t\t\t\t\t\t<span class=\"elementor-grid-item\" role=\"listitem\">\n\t\t\t\t\t<a class=\"elementor-icon elementor-social-icon elementor-social-icon-yelp elementor-repeater-item-62af4bf\" href=\"https:\/\/fr.yelp.ca\/biz\/moving-downtown-montr%C3%A9al\" target=\"_blank\">\n\t\t\t\t\t\t<span class=\"elementor-screen-only\">Yelp<\/span>\n\t\t\t\t\t\t<i aria-hidden=\"true\" class=\"fab fa-yelp\"><\/i>\t\t\t\t\t<\/a>\n\t\t\t\t<\/span>\n\t\t\t\t\t\t\t<span class=\"elementor-grid-item\" role=\"listitem\">\n\t\t\t\t\t<a class=\"elementor-icon elementor-social-icon elementor-social-icon-youtube elementor-repeater-item-cdb4c37\" href=\"https:\/\/www.youtube.com\/channel\/UCKAk8DiEI1uRsa9iwAYQSjg\" target=\"_blank\">\n\t\t\t\t\t\t<span class=\"elementor-screen-only\">Youtube<\/span>\n\t\t\t\t\t\t<i aria-hidden=\"true\" class=\"fab fa-youtube\"><\/i>\t\t\t\t\t<\/a>\n\t\t\t\t<\/span>\n\t\t\t\t\t\t\t<span class=\"elementor-grid-item\" role=\"listitem\">\n\t\t\t\t\t<a class=\"elementor-icon elementor-social-icon elementor-social-icon-pinterest elementor-repeater-item-7d585c7\" href=\"https:\/\/www.pinterest.ca\/movingdowntown\/\" target=\"_blank\">\n\t\t\t\t\t\t<span class=\"elementor-screen-only\">Pinterest<\/span>\n\t\t\t\t\t\t<i aria-hidden=\"true\" class=\"fab fa-pinterest\"><\/i>\t\t\t\t\t<\/a>\n\t\t\t\t<\/span>\n\t\t\t\t\t\t\t<span class=\"elementor-grid-item\" role=\"listitem\">\n\t\t\t\t\t<a class=\"elementor-icon elementor-social-icon elementor-social-icon-instagram elementor-repeater-item-97ef522\" href=\"https:\/\/www.instagram.com\/movingdowntown1\/\" target=\"_blank\">\n\t\t\t\t\t\t<span class=\"elementor-screen-only\">Instagram<\/span>\n\t\t\t\t\t\t<i aria-hidden=\"true\" class=\"fab fa-instagram\"><\/i>\t\t\t\t\t<\/a>\n\t\t\t\t<\/span>\n\t\t\t\t\t\t\t<span class=\"elementor-grid-item\" role=\"listitem\">\n\t\t\t\t\t<a class=\"elementor-icon elementor-social-icon elementor-social-icon-linkedin elementor-repeater-item-7d0f1ec\" href=\"https:\/\/www.linkedin.com\/in\/moving-downtown-406203196\/\" target=\"_blank\">\n\t\t\t\t\t\t<span class=\"elementor-screen-only\">Linkedin<\/span>\n\t\t\t\t\t\t<i aria-hidden=\"true\" class=\"fab fa-linkedin\"><\/i>\t\t\t\t\t<\/a>\n\t\t\t\t<\/span>\n\t\t\t\t\t\t\t<span class=\"elementor-grid-item\" role=\"listitem\">\n\t\t\t\t\t<a class=\"elementor-icon elementor-social-icon elementor-social-icon-flickr elementor-repeater-item-24f5bcf\" href=\"https:\/\/www.flickr.com\/people\/185183922@N03\/\" target=\"_blank\">\n\t\t\t\t\t\t<span class=\"elementor-screen-only\">Flickr<\/span>\n\t\t\t\t\t\t<i aria-hidden=\"true\" class=\"fab fa-flickr\"><\/i>\t\t\t\t\t<\/a>\n\t\t\t\t<\/span>\n\t\t\t\t\t\t\t<span class=\"elementor-grid-item\" role=\"listitem\">\n\t\t\t\t\t<a class=\"elementor-icon elementor-social-icon elementor-social-icon-link elementor-repeater-item-3092489\" href=\"https:\/\/www.dailymotion.com\/movingdowntown\" target=\"_blank\">\n\t\t\t\t\t\t<span class=\"elementor-screen-only\">Link<\/span>\n\t\t\t\t\t\t<i aria-hidden=\"true\" class=\"fas fa-link\"><\/i>\t\t\t\t\t<\/a>\n\t\t\t\t<\/span>\n\t\t\t\t\t<\/div>\n\t\t\t\t\t\t<\/div>\n\t\t\t\t<div class=\"elementor-element elementor-element-55ed9d1 elementor-hidden-phone elementor-widget elementor-widget-image\" data-id=\"55ed9d1\" data-element_type=\"widget\" data-widget_type=\"image.default\">\n\t\t\t\t\t\t\t\t\t\t\t\t\t\t\t<img decoding=\"async\" src=\"https:\/\/movingdowntown.ca\/new\/wp-content\/uploads\/2019\/02\/old1.gif\" title=\"student discaut\" alt=\"student discaut\" loading=\"lazy\" \/>\t\t\t\t\t\t\t\t\t\t\t\t\t\t\t<\/div>\n\t\t\t\t<div class=\"elementor-element elementor-element-ccace87 elementor-hidden-phone elementor-widget elementor-widget-text-editor\" data-id=\"ccace87\" data-element_type=\"widget\" data-widget_type=\"text-editor.default\">\n\t\t\t\t\t\t\t\t\t<p>RABAIS 5 &#8211; 10 %<br \/>ETUDIANT<\/p>\t\t\t\t\t\t\t\t<\/div>\n\t\t\t\t<div class=\"elementor-element elementor-element-d86afe6 elementor-hidden-phone elementor-widget elementor-widget-image\" data-id=\"d86afe6\" data-element_type=\"widget\" data-widget_type=\"image.default\">\n\t\t\t\t\t\t\t\t\t\t\t\t\t\t\t<img decoding=\"async\" src=\"https:\/\/movingdowntown.ca\/new\/wp-content\/uploads\/2019\/02\/online-estimate-discount.gif\" title=\"online estimate discount\" alt=\"online estimate discount\" loading=\"lazy\" \/>\t\t\t\t\t\t\t\t\t\t\t\t\t\t\t<\/div>\n\t\t\t\t<div class=\"elementor-element elementor-element-0ef6ae5 elementor-hidden-phone elementor-widget elementor-widget-text-editor\" data-id=\"0ef6ae5\" data-element_type=\"widget\" data-widget_type=\"text-editor.default\">\n\t\t\t\t\t\t\t\t\t<p>rabais 5 &#8211; 10 %<br \/>estimation<br \/>en ligne<\/p>\t\t\t\t\t\t\t\t<\/div>\n\t\t\t\t\t<\/div>\n\t\t<\/div>\n\t\t\t\t\t<\/div>\n\t\t<\/section>\n\t\t\t\t<\/div>\n\t\t","protected":false},"excerpt":{"rendered":"<p>D\u00e9m\u00e9nagement \u00c9tudiant Montr\u00e9al D\u00e9m\u00e9nagement \u00c9tudiants pas cher Vous \u00eates un \u00e9tudiant qui commence ou fini l&#8217;ann\u00e9e scolaire, coll\u00e9giale ou bien universitaire ? Avez-vous besoin de d\u00e9m\u00e9nager dans une autre ville, car vous commencez un cours ou bien pour faire un stage d&#8217;\u00e9tudes dans une r\u00e9gion ou localit\u00e9 \u00e9loign\u00e9e de Montr\u00e9al ? La compagnie de d\u00e9m\u00e9nagement [&hellip;]<\/p>\n","protected":false},"author":5,"featured_media":0,"parent":22460,"menu_order":0,"comment_status":"closed","ping_status":"closed","template":"elementor_header_footer","meta":{"site-sidebar-layout":"default","site-content-layout":"","ast-site-content-layout":"default","site-content-style":"default","site-sidebar-style":"default","ast-global-header-display":"","ast-banner-title-visibility":"","ast-main-header-display":"","ast-hfb-above-header-display":"","ast-hfb-below-header-display":"","ast-hfb-mobile-header-display":"","site-post-title":"","ast-breadcrumbs-content":"","ast-featured-img":"","footer-sml-layout":"","ast-disable-related-posts":"","theme-transparent-header-meta":"","adv-header-id-meta":"","stick-header-meta":"","header-above-stick-meta":"","header-main-stick-meta":"","header-below-stick-meta":"","astra-migrate-meta-layouts":"default","ast-page-background-enabled":"default","ast-page-background-meta":{"desktop":{"background-color":"","background-image":"","background-repeat":"repeat","background-position":"center center","background-size":"auto","background-attachment":"scroll","background-type":"","background-media":"","overlay-type":"","overlay-color":"","overlay-opacity":"","overlay-gradient":""},"tablet":{"background-color":"","background-image":"","background-repeat":"repeat","background-position":"center center","background-size":"auto","background-attachment":"scroll","background-type":"","background-media":"","overlay-type":"","overlay-color":"","overlay-opacity":"","overlay-gradient":""},"mobile":{"background-color":"","background-image":"","background-repeat":"repeat","background-position":"center center","background-size":"auto","background-attachment":"scroll","background-type":"","background-media":"","overlay-type":"","overlay-color":"","overlay-opacity":"","overlay-gradient":""}},"ast-content-background-meta":{"desktop":{"background-color":"var(--ast-global-color-5)","background-image":"","background-repeat":"repeat","background-position":"center center","background-size":"auto","background-attachment":"scroll","background-type":"","background-media":"","overlay-type":"","overlay-color":"","overlay-opacity":"","overlay-gradient":""},"tablet":{"background-color":"var(--ast-global-color-5)","background-image":"","background-repeat":"repeat","background-position":"center center","background-size":"auto","background-attachment":"scroll","background-type":"","background-media":"","overlay-type":"","overlay-color":"","overlay-opacity":"","overlay-gradient":""},"mobile":{"background-color":"var(--ast-global-color-5)","background-image":"","background-repeat":"repeat","background-position":"center center","background-size":"auto","background-attachment":"scroll","background-type":"","background-media":"","overlay-type":"","overlay-color":"","overlay-opacity":"","overlay-gradient":""}},"footnotes":""},"class_list":["post-926","page","type-page","status-publish","hentry"],"_links":{"self":[{"href":"https:\/\/movingdowntown.ca\/new\/wp-json\/wp\/v2\/pages\/926","targetHints":{"allow":["GET"]}}],"collection":[{"href":"https:\/\/movingdowntown.ca\/new\/wp-json\/wp\/v2\/pages"}],"about":[{"href":"https:\/\/movingdowntown.ca\/new\/wp-json\/wp\/v2\/types\/page"}],"author":[{"embeddable":true,"href":"https:\/\/movingdowntown.ca\/new\/wp-json\/wp\/v2\/users\/5"}],"replies":[{"embeddable":true,"href":"https:\/\/movingdowntown.ca\/new\/wp-json\/wp\/v2\/comments?post=926"}],"version-history":[{"count":1,"href":"https:\/\/movingdowntown.ca\/new\/wp-json\/wp\/v2\/pages\/926\/revisions"}],"predecessor-version":[{"id":27288,"href":"https:\/\/movingdowntown.ca\/new\/wp-json\/wp\/v2\/pages\/926\/revisions\/27288"}],"up":[{"embeddable":true,"href":"https:\/\/movingdowntown.ca\/new\/wp-json\/wp\/v2\/pages\/22460"}],"wp:attachment":[{"href":"https:\/\/movingdowntown.ca\/new\/wp-json\/wp\/v2\/media?parent=926"}],"curies":[{"name":"wp","href":"https:\/\/api.w.org\/{rel}","templated":true}]}}